{"id":1297,"date":"2025-05-13T14:00:30","date_gmt":"2025-05-13T12:00:30","guid":{"rendered":"https:\/\/te.cme.org.pl\/2025\/?page_id=1297"},"modified":"2025-05-13T21:07:26","modified_gmt":"2025-05-13T19:07:26","slug":"wiecej","status":"publish","type":"page","link":"https:\/\/te.cme.org.pl\/2025\/wiecej\/","title":{"rendered":"Wi\u0119cej"},"content":{"rendered":"\n<div data-wp-interactive=\"query-filter\" data-wp-router-region=\"query-20\" class=\"wp-block-query is-layout-flow wp-block-query-is-layout-flow\">\n<div class=\"wp-block-group is-layout-flow wp-block-group-is-layout-flow\" style=\"padding-top:0;padding-bottom:0\"><ul class=\"wp-block-post-template is-layout-flow wp-container-core-post-template-is-layout-4c5637d0 wp-block-post-template-is-layout-flow\"><li class=\"wp-block-post post-972 page type-page status-publish hentry\">\n\n<div class=\"wp-block-group tw-stretched-link is-nowrap is-layout-flex wp-container-core-group-is-layout-ab0c6ed8 wp-block-group-is-layout-flex\" style=\"margin-top:0;margin-bottom:var(--wp--preset--spacing--50)\">\n<p class=\"has-accent-2-color has-text-color has-link-color has-material-symbols-outlined-font-family wp-elements-da148c472949d3efac79e6d387411921\" style=\"border-right-color:var(--wp--preset--color--accent-2);border-right-width:4px;padding-top:0;padding-right:var(--wp--preset--spacing--30);padding-bottom:0;padding-left:var(--wp--preset--spacing--30);font-size:clamp(1.743rem, 1.743rem + ((1vw - 0.2rem) * 2.646), 3rem);font-style:normal;font-weight:300\">assignment<\/p>\n\n\n<h2 style=\"margin-right:var(--wp--preset--spacing--30);margin-left:var(--wp--preset--spacing--30);\" class=\"has-text-align-left has-link-color wp-elements-b3d8f878737a9f5549659db711734f60 wp-block-post-title has-text-color has-accent-2-color has-large-font-size\"><a href=\"https:\/\/te.cme.org.pl\/2025\/wiecej\/o-tygodniu\/\" target=\"_self\" >O Tygodniu<\/a><\/h2><\/div>\n\n<\/li><li class=\"wp-block-post post-993 page type-page status-publish hentry\">\n\n<div class=\"wp-block-group tw-stretched-link is-nowrap is-layout-flex wp-container-core-group-is-layout-ab0c6ed8 wp-block-group-is-layout-flex\" style=\"margin-top:0;margin-bottom:var(--wp--preset--spacing--50)\">\n<p class=\"has-accent-2-color has-text-color has-link-color has-material-symbols-outlined-font-family wp-elements-da148c472949d3efac79e6d387411921\" style=\"border-right-color:var(--wp--preset--color--accent-2);border-right-width:4px;padding-top:0;padding-right:var(--wp--preset--spacing--30);padding-bottom:0;padding-left:var(--wp--preset--spacing--30);font-size:clamp(1.743rem, 1.743rem + ((1vw - 0.2rem) * 2.646), 3rem);font-style:normal;font-weight:300\">map<\/p>\n\n\n<h2 style=\"margin-right:var(--wp--preset--spacing--30);margin-left:var(--wp--preset--spacing--30);\" class=\"has-text-align-left has-link-color wp-elements-b3d8f878737a9f5549659db711734f60 wp-block-post-title has-text-color has-accent-2-color has-large-font-size\"><a href=\"https:\/\/te.cme.org.pl\/2025\/wiecej\/mapa\/\" target=\"_self\" >Mapa TE<\/a><\/h2><\/div>\n\n<\/li><li class=\"wp-block-post post-1845 page type-page status-publish has-post-thumbnail hentry\">\n\n<div class=\"wp-block-group tw-stretched-link is-nowrap is-layout-flex wp-container-core-group-is-layout-ab0c6ed8 wp-block-group-is-layout-flex\" style=\"margin-top:0;margin-bottom:var(--wp--preset--spacing--50)\">\n<p class=\"has-accent-2-color has-text-color has-link-color has-material-symbols-outlined-font-family wp-elements-da148c472949d3efac79e6d387411921\" style=\"border-right-color:var(--wp--preset--color--accent-2);border-right-width:4px;padding-top:0;padding-right:var(--wp--preset--spacing--30);padding-bottom:0;padding-left:var(--wp--preset--spacing--30);font-size:clamp(1.743rem, 1.743rem + ((1vw - 0.2rem) * 2.646), 3rem);font-style:normal;font-weight:300\">local_dining<\/p>\n\n\n<h2 style=\"margin-right:var(--wp--preset--spacing--30);margin-left:var(--wp--preset--spacing--30);\" class=\"has-text-align-left has-link-color wp-elements-b3d8f878737a9f5549659db711734f60 wp-block-post-title has-text-color has-accent-2-color has-large-font-size\"><a href=\"https:\/\/te.cme.org.pl\/2025\/wiecej\/zamow-posilki\/\" target=\"_self\" >Zam\u00f3w posi\u0142ki<\/a><\/h2><\/div>\n\n<\/li><li class=\"wp-block-post post-1035 page type-page status-publish hentry\">\n\n<div class=\"wp-block-group tw-stretched-link is-nowrap is-layout-flex wp-container-core-group-is-layout-ab0c6ed8 wp-block-group-is-layout-flex\" style=\"margin-top:0;margin-bottom:var(--wp--preset--spacing--50)\">\n<p class=\"has-accent-2-color has-text-color has-link-color has-material-symbols-outlined-font-family wp-elements-da148c472949d3efac79e6d387411921\" style=\"border-right-color:var(--wp--preset--color--accent-2);border-right-width:4px;padding-top:0;padding-right:var(--wp--preset--spacing--30);padding-bottom:0;padding-left:var(--wp--preset--spacing--30);font-size:clamp(1.743rem, 1.743rem + ((1vw - 0.2rem) * 2.646), 3rem);font-style:normal;font-weight:300\">auto_stories<\/p>\n\n\n<h2 style=\"margin-right:var(--wp--preset--spacing--30);margin-left:var(--wp--preset--spacing--30);\" class=\"has-text-align-left has-link-color wp-elements-b3d8f878737a9f5549659db711734f60 wp-block-post-title has-text-color has-accent-2-color has-large-font-size\"><a href=\"https:\/\/te.cme.org.pl\/2025\/wiecej\/dziegielow-to-miejsce-szczegolne\/\" target=\"_self\" >Dzi\u0119giel\u00f3w to miejsce szczeg\u00f3lne<\/a><\/h2><\/div>\n\n<\/li><li class=\"wp-block-post post-866 page type-page status-publish hentry\">\n\n<div class=\"wp-block-group tw-stretched-link is-nowrap is-layout-flex wp-container-core-group-is-layout-ab0c6ed8 wp-block-group-is-layout-flex\" style=\"margin-top:0;margin-bottom:var(--wp--preset--spacing--50)\">\n<p class=\"has-accent-2-color has-text-color has-link-color has-material-symbols-outlined-font-family wp-elements-da148c472949d3efac79e6d387411921\" style=\"border-right-color:var(--wp--preset--color--accent-2);border-right-width:4px;padding-top:0;padding-right:var(--wp--preset--spacing--30);padding-bottom:0;padding-left:var(--wp--preset--spacing--30);font-size:clamp(1.743rem, 1.743rem + ((1vw - 0.2rem) * 2.646), 3rem);font-style:normal;font-weight:300\">campaign<\/p>\n\n\n<h2 style=\"margin-right:var(--wp--preset--spacing--30);margin-left:var(--wp--preset--spacing--30);\" class=\"has-text-align-left has-link-color wp-elements-b3d8f878737a9f5549659db711734f60 wp-block-post-title has-text-color has-accent-2-color has-large-font-size\"><a href=\"https:\/\/te.cme.org.pl\/2025\/wiecej\/partnerzy\/\" target=\"_self\" >Partnerzy<\/a><\/h2><\/div>\n\n<\/li><li class=\"wp-block-post post-989 page type-page status-publish hentry\">\n\n<div class=\"wp-block-group tw-stretched-link is-nowrap is-layout-flex wp-container-core-group-is-layout-ab0c6ed8 wp-block-group-is-layout-flex\" style=\"margin-top:0;margin-bottom:var(--wp--preset--spacing--50)\">\n<p class=\"has-accent-2-color has-text-color has-link-color has-material-symbols-outlined-font-family wp-elements-da148c472949d3efac79e6d387411921\" style=\"border-right-color:var(--wp--preset--color--accent-2);border-right-width:4px;padding-top:0;padding-right:var(--wp--preset--spacing--30);padding-bottom:0;padding-left:var(--wp--preset--spacing--30);font-size:clamp(1.743rem, 1.743rem + ((1vw - 0.2rem) * 2.646), 3rem);font-style:normal;font-weight:300\">info<\/p>\n\n\n<h2 style=\"margin-right:var(--wp--preset--spacing--30);margin-left:var(--wp--preset--spacing--30);\" class=\"has-text-align-left has-link-color wp-elements-b3d8f878737a9f5549659db711734f60 wp-block-post-title has-text-color has-accent-2-color has-large-font-size\"><a href=\"https:\/\/te.cme.org.pl\/2025\/wiecej\/rodo\/\" target=\"_self\" >Dane osobowe (RODO)<\/a><\/h2><\/div>\n\n<\/li><li class=\"wp-block-post post-985 page type-page status-publish hentry\">\n\n<div class=\"wp-block-group tw-stretched-link is-nowrap is-layout-flex wp-container-core-group-is-layout-ab0c6ed8 wp-block-group-is-layout-flex\" style=\"margin-top:0;margin-bottom:var(--wp--preset--spacing--50)\">\n<p class=\"has-accent-2-color has-text-color has-link-color has-material-symbols-outlined-font-family wp-elements-da148c472949d3efac79e6d387411921\" style=\"border-right-color:var(--wp--preset--color--accent-2);border-right-width:4px;padding-top:0;padding-right:var(--wp--preset--spacing--30);padding-bottom:0;padding-left:var(--wp--preset--spacing--30);font-size:clamp(1.743rem, 1.743rem + ((1vw - 0.2rem) * 2.646), 3rem);font-style:normal;font-weight:300\">mail<\/p>\n\n\n<h2 style=\"margin-right:var(--wp--preset--spacing--30);margin-left:var(--wp--preset--spacing--30);\" class=\"has-text-align-left has-link-color wp-elements-b3d8f878737a9f5549659db711734f60 wp-block-post-title has-text-color has-accent-2-color has-large-font-size\"><a href=\"https:\/\/te.cme.org.pl\/2025\/wiecej\/kontakt\/\" target=\"_self\" >Kontakt<\/a><\/h2><\/div>\n\n<\/li><\/ul><\/div>\n<\/div>\n\n\n\n<div class=\"wp-block-group tw-stretched-link is-nowrap is-layout-flex wp-container-core-group-is-layout-ab0c6ed8 wp-block-group-is-layout-flex\" style=\"margin-top:0;margin-bottom:var(--wp--preset--spacing--50)\">\n<p class=\"has-accent-2-color has-text-color has-link-color has-material-symbols-outlined-font-family wp-elements-da148c472949d3efac79e6d387411921\" style=\"border-right-color:var(--wp--preset--color--accent-2);border-right-width:4px;padding-top:0;padding-right:var(--wp--preset--spacing--30);padding-bottom:0;padding-left:var(--wp--preset--spacing--30);font-size:clamp(1.743rem, 1.743rem + ((1vw - 0.2rem) * 2.646), 3rem);font-style:normal;font-weight:300\">info<\/p>\n\n\n\n<h2 class=\"wp-block-heading wp-block-post-title has-large-font-size\" style=\"margin-right:var(--wp--preset--spacing--30);margin-left:var(--wp--preset--spacing--30)\"><a href=\"https:\/\/cme.org.pl\/przetwarzanie-danych-osobowych-rodo\/\" data-type=\"link\" data-id=\"https:\/\/cme.org.pl\/przetwarzanie-danych-osobowych-rodo\/\" target=\"_blank\" rel=\"noreferrer noopener\">Polityka prywatno\u015bci<\/a><\/h2>\n<\/div>\n\n\n\n<p><\/p>\n","protected":false},"excerpt":{"rendered":"<p>info Polityka prywatno\u015bci<\/p>\n","protected":false},"author":1,"featured_media":0,"parent":0,"menu_order":0,"comment_status":"closed","ping_status":"closed","template":"wp-custom-template-strona-z-ikon","meta":{"te_page_icon":"info","footnotes":""},"class_list":["post-1297","page","type-page","status-publish","hentry"],"_links":{"self":[{"href":"https:\/\/te.cme.org.pl\/2025\/wp-json\/wp\/v2\/pages\/1297","targetHints":{"allow":["GET"]}}],"collection":[{"href":"https:\/\/te.cme.org.pl\/2025\/wp-json\/wp\/v2\/pages"}],"about":[{"href":"https:\/\/te.cme.org.pl\/2025\/wp-json\/wp\/v2\/types\/page"}],"author":[{"embeddable":true,"href":"https:\/\/te.cme.org.pl\/2025\/wp-json\/wp\/v2\/users\/1"}],"replies":[{"embeddable":true,"href":"https:\/\/te.cme.org.pl\/2025\/wp-json\/wp\/v2\/comments?post=1297"}],"version-history":[{"count":8,"href":"https:\/\/te.cme.org.pl\/2025\/wp-json\/wp\/v2\/pages\/1297\/revisions"}],"predecessor-version":[{"id":1886,"href":"https:\/\/te.cme.org.pl\/2025\/wp-json\/wp\/v2\/pages\/1297\/revisions\/1886"}],"wp:attachment":[{"href":"https:\/\/te.cme.org.pl\/2025\/wp-json\/wp\/v2\/media?parent=1297"}],"curies":[{"name":"wp","href":"https:\/\/api.w.org\/{rel}","templated":true}]}}