{"id":398,"date":"2025-05-09T11:54:01","date_gmt":"2025-05-09T09:54:01","guid":{"rendered":"https:\/\/te.cme.org.pl\/2025\/?page_id=398"},"modified":"2025-05-09T11:57:20","modified_gmt":"2025-05-09T09:57:20","slug":"praca-z-dziecmi-i-mlodzieza","status":"publish","type":"page","link":"https:\/\/te.cme.org.pl\/2025\/wolontariat\/praca-z-dziecmi-i-mlodzieza\/","title":{"rendered":"Praca z dzie\u0107mi i m\u0142odzie\u017c\u0105"},"content":{"rendered":"\n<h2 class=\"wp-block-heading\">Spotkania ewangelizacyjne dla dzieci i m\u0142odzie\u017cy<\/h2>\n\n\n\n<p>Pan Jezus powiedzia\u0142: <em>\u201enie jest wol\u0105 waszego Ojca w\u00a0Niebie, aby zgin\u0105\u0142 jeden z\u00a0tych ma\u0142ych\u201d<\/em>, a zbawione dziecko, to uratowane ca\u0142e jego \u017cycie! Dlatego spotkania ewangelizacyjne dla dzieci s\u0105 tak wa\u017cne. Anga\u017cuj\u0105c si\u0119 w pomoc w ich przygotowaniu wype\u0142niasz Bo\u017cy plan i Jego wol\u0119!<\/p>\n\n\n\n<p>Potrzebujemy Twojej pomocy w poszczeg\u00f3lnych grupach wiekowych.<\/p>\n\n\n\n<h3 class=\"wp-block-heading\">Wa\u017cne!<\/h3>\n\n\n\n<p>Pe\u0142noletni wolon\u00adtar\u00adiusze, kt\u00f3rzy zg\u0142aszaj\u0105 si\u0119 do s\u0142u\u017cby w\u015br\u00f3d dzieci (3-6, 7-11, #m\u0142odzi) zobowi\u0105zani s\u0105 do dostarczenia Za\u015bwia\u00addczenia o\u00a0nieka\u00adral\u00adno\u015bci z Kra\u00adjo\u00adwego Rejestru Karnego oraz Za\u015bwia\u00addczenia z Rejestru Prze\u00adst\u0119pstw na tle seksu\u00adalnym w dniu reje\u00adstracji w biurze TE.<\/p>\n\n\n\n<h2 class=\"wp-block-heading has-accent-1-color has-text-color has-link-color wp-elements-7092947f8aa865bc0a2506c275342114\">Dzieci 3-6<\/h2>\n\n\n\n<p>Wiek: 14+<\/p>\n\n\n\n<h3 class=\"wp-block-heading\">Zadania<\/h3>\n\n\n\n<ul class=\"wp-block-list\">\n<li>przygotowanie sali i pomocy do programu,<\/li>\n\n\n\n<li>opieka nad 15-osobowymi grupami dzieci w wieku 3-6 lat,<\/li>\n\n\n\n<li>zaanga\u017cowanie w program dla dzieci \u2013 scenki, prace plastyczne, zaj\u0119cia ruchowe, gry i zabawy,<\/li>\n\n\n\n<li>pomoc techniczna, m.in.: rozstawianie krzese\u0142, ustawianie stolik\u00f3w, sprz\u0105tanie po pracach plastycznych i zaj\u0119ciach sportowych.<\/li>\n<\/ul>\n\n\n\n<h3 class=\"wp-block-heading\">Czas zaanga\u017cowania<\/h3>\n\n\n\n<ul class=\"wp-block-list\">\n<li>5 lipca: od godziny 9:30 BogaTE ranki a od godz 11, obowi\u0105zkowe spotkanie integracyjno-organizacyjne<\/li>\n\n\n\n<li>6\u201313 lipca: 9.30-11.00 BogaTE ranki, od godz 14:00 przygotowania do programu; 16.30 odprawa dla wszystkich. koniec ok. 20.00<\/li>\n<\/ul>\n\n\n\n<h2 class=\"wp-block-heading has-accent-1-color has-text-color has-link-color wp-elements-9c700b52185690e63ed8efc70f617f77\">Dzieci 7-11<\/h2>\n\n\n\n<p>Wiek: 14+<\/p>\n\n\n\n<h3 class=\"wp-block-heading\">Zadania<\/h3>\n\n\n\n<ul class=\"wp-block-list\">\n<li>przygotowanie miejsca i dekoracja namiotu,<\/li>\n\n\n\n<li>pomoc w programie (scenki, nauka cytatu biblijnego, zesp\u00f3\u0142 uwielbienia, gry i zaj\u0119cia sportowe oraz plastyczne),<\/li>\n\n\n\n<li>pomoc w opiece nad 20-osobow\u0105 grup\u0105 dzieci,<\/li>\n\n\n\n<li>pomoc w utrzymaniu porz\u0105dku i czuwaniu nad bezpie\u00adcze\u0144stwem,<\/li>\n\n\n\n<li>pomoc w obs\u0142udze technicznej (laptop, rzutnik),<\/li>\n\n\n\n<li>pomoc w przygotowaniu materia\u0142\u00f3w wizualnych (np. pre\u00adzentacji do piosenek, identyfikator\u00f3w itp).<\/li>\n<\/ul>\n\n\n\n<h3 class=\"wp-block-heading\">Czas zaanga\u017cowania<\/h3>\n\n\n\n<ul class=\"wp-block-list\">\n<li>4 lipca, godzina 17.00: obowi\u0105zkowe spotkania integracyjno-organizacyjne<\/li>\n\n\n\n<li>5 lipca: od godziny 9:30 BogaTE ranki a od godz 11, obowi\u0105zkowe spotkanie integracyjno-organizacyjne<\/li>\n\n\n\n<li>6\u201313 lipca: 9.30-11.00 BogaTE ranki, od godz 14:00 przygotowania do programu; 16.15 odprawa dla wszystkich. 17.00-19.00 program; zako\u0144czenie ok. 20.00.<\/li>\n<\/ul>\n","protected":false},"excerpt":{"rendered":"<p>Spotkania ewangelizacyjne dla dzieci i m\u0142odzie\u017cy Pan Jezus powiedzia\u0142: \u201enie jest wol\u0105 waszego Ojca w\u00a0Niebie, aby zgin\u0105\u0142 jeden z\u00a0tych ma\u0142ych\u201d, a zbawione dziecko, to uratowane ca\u0142e jego \u017cycie! Dlatego spotkania ewangelizacyjne dla dzieci s\u0105 tak wa\u017cne. Anga\u017cuj\u0105c si\u0119 w pomoc w ich przygotowaniu wype\u0142niasz Bo\u017cy plan i Jego wol\u0119! Potrzebujemy Twojej pomocy w poszczeg\u00f3lnych grupach [&hellip;]<\/p>\n","protected":false},"author":1,"featured_media":0,"parent":378,"menu_order":2,"comment_status":"closed","ping_status":"closed","template":"wp-custom-template-wolontariat","meta":{"te_page_icon":"volunteer_activism","footnotes":""},"class_list":["post-398","page","type-page","status-publish","hentry"],"_links":{"self":[{"href":"https:\/\/te.cme.org.pl\/2025\/wp-json\/wp\/v2\/pages\/398","targetHints":{"allow":["GET"]}}],"collection":[{"href":"https:\/\/te.cme.org.pl\/2025\/wp-json\/wp\/v2\/pages"}],"about":[{"href":"https:\/\/te.cme.org.pl\/2025\/wp-json\/wp\/v2\/types\/page"}],"author":[{"embeddable":true,"href":"https:\/\/te.cme.org.pl\/2025\/wp-json\/wp\/v2\/users\/1"}],"replies":[{"embeddable":true,"href":"https:\/\/te.cme.org.pl\/2025\/wp-json\/wp\/v2\/comments?post=398"}],"version-history":[{"count":2,"href":"https:\/\/te.cme.org.pl\/2025\/wp-json\/wp\/v2\/pages\/398\/revisions"}],"predecessor-version":[{"id":400,"href":"https:\/\/te.cme.org.pl\/2025\/wp-json\/wp\/v2\/pages\/398\/revisions\/400"}],"up":[{"embeddable":true,"href":"https:\/\/te.cme.org.pl\/2025\/wp-json\/wp\/v2\/pages\/378"}],"wp:attachment":[{"href":"https:\/\/te.cme.org.pl\/2025\/wp-json\/wp\/v2\/media?parent=398"}],"curies":[{"name":"wp","href":"https:\/\/api.w.org\/{rel}","templated":true}]}}