{"id":414,"date":"2025-05-09T12:35:20","date_gmt":"2025-05-09T10:35:20","guid":{"rendered":"https:\/\/te.cme.org.pl\/2025\/?page_id=414"},"modified":"2026-02-09T10:53:11","modified_gmt":"2026-02-09T09:53:11","slug":"noclegi-wyzywienie-oplaty","status":"publish","type":"page","link":"https:\/\/te.cme.org.pl\/2025\/wolontariat\/noclegi-wyzywienie-oplaty\/","title":{"rendered":"Noclegi, wy\u017cywienie, op\u0142aty"},"content":{"rendered":"\n<p>W trakcie ca\u0142ej pracy zapewniamy bezp\u0142atne zakwaterowanie (z&nbsp;w\u0142asnymi karimatami i \u015bpiworami) w&nbsp;Szkole Podstawowej w&nbsp;Dzi\u0119gielowie.<\/p>\n\n\n\n<p>W&nbsp;ca\u0142o\u015bci pokrywamy r\u00f3wnie\u017c koszty wy\u017cywienia w&nbsp;czasie Tygodnia Przygotowawczego i&nbsp;Sprz\u0105tania.<\/p>\n\n\n\n<p>Najch\u0119tniej pokryliby\u015bmy r\u00f3wnie\u017c ca\u0142o\u015b\u0107 koszt\u00f3w zwi\u0105zanych z&nbsp;wy\u017cywieniem, niestety od kilku lat bud\u017cet TE tak\u017ce potrzebuje wsparcia wolontariuszy i pracownik\u00f3w CME pracuj\u0105cych w ramach Tygodnia Ewangelizacyjnego, dlatego prosimy r\u00f3wnie\u017c Ciebie o&nbsp;wsparcie finansowe swojego pobytu. Koszt posi\u0142k\u00f3w wynosi: \u015bniadania 6 z\u0142, obiady 9 z\u0142, kolacje 6 z\u0142.<\/p>\n\n\n\n<p>Jednak, je\u015bli z jakiego\u015b powodu takie kwoty s\u0105 dla Ciebie zbyt wysokie, prosimy, skontaktuj si\u0119 z nami: <a href=\"mailto:sylwia.chmiel@cme.org.pl\">sylwia.chmiel@cme.org.pl<\/a> lub <a href=\"tel:519048504\">519&nbsp;04&nbsp;85&nbsp;04<\/a>, znajdziemy konkretne rozwi\u0105zanie dla Twojej sytuacji.<\/p>\n\n\n\n<p>W czasie swojej pracy wszyscy wolontariusze maj\u0105 nieograniczony dost\u0119p do wody pitnej oraz codzienne darmowe kupony na kaw\u0119\/herbat\u0119 i ciasto w Caf\u00e9 TE.<\/p>\n\n\n\n<h2 class=\"wp-block-heading has-text-align-center\" style=\"text-transform:uppercase\">Teraz wiesz ju\u017c wszystko.<\/h2>\n\n\n","protected":false},"excerpt":{"rendered":"<p>W trakcie ca\u0142ej pracy zapewniamy bezp\u0142atne zakwaterowanie (z&nbsp;w\u0142asnymi karimatami i \u015bpiworami) w&nbsp;Szkole Podstawowej w&nbsp;Dzi\u0119gielowie. W&nbsp;ca\u0142o\u015bci pokrywamy r\u00f3wnie\u017c koszty wy\u017cywienia w&nbsp;czasie Tygodnia Przygotowawczego i&nbsp;Sprz\u0105tania. Najch\u0119tniej pokryliby\u015bmy r\u00f3wnie\u017c ca\u0142o\u015b\u0107 koszt\u00f3w zwi\u0105zanych z&nbsp;wy\u017cywieniem, niestety od kilku lat bud\u017cet TE tak\u017ce potrzebuje wsparcia wolontariuszy i pracownik\u00f3w CME pracuj\u0105cych w ramach Tygodnia Ewangelizacyjnego, dlatego prosimy r\u00f3wnie\u017c Ciebie o&nbsp;wsparcie finansowe swojego [&hellip;]<\/p>\n","protected":false},"author":1,"featured_media":0,"parent":378,"menu_order":5,"comment_status":"closed","ping_status":"closed","template":"wp-custom-template-wolontariat","meta":{"te_page_icon":"volunteer_activism","footnotes":""},"class_list":["post-414","page","type-page","status-publish","hentry"],"_links":{"self":[{"href":"https:\/\/te.cme.org.pl\/2025\/wp-json\/wp\/v2\/pages\/414","targetHints":{"allow":["GET"]}}],"collection":[{"href":"https:\/\/te.cme.org.pl\/2025\/wp-json\/wp\/v2\/pages"}],"about":[{"href":"https:\/\/te.cme.org.pl\/2025\/wp-json\/wp\/v2\/types\/page"}],"author":[{"embeddable":true,"href":"https:\/\/te.cme.org.pl\/2025\/wp-json\/wp\/v2\/users\/1"}],"replies":[{"embeddable":true,"href":"https:\/\/te.cme.org.pl\/2025\/wp-json\/wp\/v2\/comments?post=414"}],"version-history":[{"count":3,"href":"https:\/\/te.cme.org.pl\/2025\/wp-json\/wp\/v2\/pages\/414\/revisions"}],"predecessor-version":[{"id":2264,"href":"https:\/\/te.cme.org.pl\/2025\/wp-json\/wp\/v2\/pages\/414\/revisions\/2264"}],"up":[{"embeddable":true,"href":"https:\/\/te.cme.org.pl\/2025\/wp-json\/wp\/v2\/pages\/378"}],"wp:attachment":[{"href":"https:\/\/te.cme.org.pl\/2025\/wp-json\/wp\/v2\/media?parent=414"}],"curies":[{"name":"wp","href":"https:\/\/api.w.org\/{rel}","templated":true}]}}