{"id":163,"date":"2026-02-09T10:35:35","date_gmt":"2026-02-09T09:35:35","guid":{"rendered":"https:\/\/te.cme.org.pl\/2026\/?page_id=163"},"modified":"2026-05-08T13:05:44","modified_gmt":"2026-05-08T11:05:44","slug":"praca-z-dziecmi-i-mlodzieza","status":"publish","type":"page","link":"https:\/\/te.cme.org.pl\/2026\/wolontariat\/praca-z-dziecmi-i-mlodzieza\/","title":{"rendered":"Praca z\u00a0dzie\u0107mi i\u00a0m\u0142odzie\u017c\u0105"},"content":{"rendered":"\n<p>Pan Jezus powiedzia\u0142: <em>\u201enie jest wol\u0105 waszego Ojca w&nbsp;Niebie, aby zgin\u0105\u0142 jeden z&nbsp;tych ma\u0142ych\u201d<\/em>, a&nbsp;zbawione dziecko, to uratowane ca\u0142e jego \u017cycie! Dlatego spotkania ewangelizacyjne dla dzieci s\u0105 tak wa\u017cne. Anga\u017cuj\u0105c si\u0119 w&nbsp;pomoc w&nbsp;ich przygotowaniu wype\u0142niasz Bo\u017cy plan i&nbsp;Jego wol\u0119!<\/p>\n\n\n\n<p>Potrzebujemy Twojej pomocy w&nbsp;poszczeg\u00f3lnych grupach wiekowych.<\/p>\n\n\n\n<h3 class=\"wp-block-heading\">Wa\u017cne!<\/h3>\n\n\n\n<p>Pe\u0142noletni wolon\u00adtar\u00adiusze, kt\u00f3rzy zg\u0142aszaj\u0105 si\u0119 do s\u0142u\u017cby w\u015br\u00f3d dzieci (3-6, 7-11, #m\u0142odzi) zobowi\u0105zani s\u0105 do dostarczenia Za\u015bwia\u00addczenia o&nbsp;nieka\u00adral\u00adno\u015bci z&nbsp;Kra\u00adjo\u00adwego Rejestru Karnego oraz wype\u0142nionego O\u015bwiadczenia przed dopuszczeniem do dzia\u0142alno\u015bci z&nbsp;udzia\u0142em ma\u0142oletnich w&nbsp;dniu reje\u00adstracji w&nbsp;biurze TE.<\/p>\n\n\n\n<h2 class=\"wp-block-heading\">Dzieci 3-6<\/h2>\n\n\n\n<blockquote class=\"wp-block-quote is-style-default has-accent-1-color has-text-color has-link-color wp-elements-d85ed85f67df80c8159b8e20825e92ab is-layout-flow wp-block-quote-is-layout-flow\">\n<p>Uwaga! Rekrutacja do s\u0142u\u017cby w\u015br\u00f3d dzieci 3-6 zosta\u0142a zako\u0144czona. Zach\u0119camy do zaanga\u017cowania si\u0119 w&nbsp;pozosta\u0142ych s\u0142u\u017cbach.<\/p>\n<\/blockquote>\n\n\n\n\n\n\n\n\n\n\n\n\n\n<h2 class=\"wp-block-heading\">Dzieci 7-11<\/h2>\n\n\n\n<p>Wiek: 12+<\/p>\n\n\n\n<h3 class=\"wp-block-heading\">Zadania<\/h3>\n\n\n\n<ul class=\"wp-block-list\">\n<li>przygotowanie miejsca i&nbsp;dekoracja namiotu,<\/li>\n\n\n\n<li>pomoc w&nbsp;programie (scenki, nauka cytatu biblijnego, zesp\u00f3\u0142 uwielbienia, gry i&nbsp;zaj\u0119cia sportowe oraz plastyczne),<\/li>\n\n\n\n<li>pomoc w&nbsp;opiece nad 20-osobow\u0105 grup\u0105 dzieci,<\/li>\n\n\n\n<li>pomoc w&nbsp;utrzymaniu porz\u0105dku i&nbsp;czuwaniu nad bezpie\u00adcze\u0144stwem,<\/li>\n\n\n\n<li>pomoc w&nbsp;obs\u0142udze technicznej (laptop, rzutnik),<\/li>\n\n\n\n<li>pomoc w&nbsp;przygotowaniu materia\u0142\u00f3w wizualnych (np. pre\u00adzentacji do piosenek, identyfikator\u00f3w itp.).<\/li>\n<\/ul>\n\n\n\n<h3 class=\"wp-block-heading\">Czas zaanga\u017cowania<\/h3>\n\n\n\n<ul class=\"wp-block-list\">\n<li>3&nbsp;lipca: 17.00: obowi\u0105zkowe spotkania integracyjno-organizacyjne,<\/li>\n\n\n\n<li>4&nbsp;lipca: 9.30 BogaTE ranki; 11.00 obowi\u0105zkowe spotkanie integracyjno-organizacyjne,<\/li>\n\n\n\n<li>5\u201312&nbsp;lipca: 9.30-11.00 BogaTE ranki; 14.00 przygotowania do programu; 16.00 odprawa dla wszystkich; 17.00-19.00 program, zako\u0144czenie ok.&nbsp; 20.00.<\/li>\n<\/ul>\n","protected":false},"excerpt":{"rendered":"<p>Pan Jezus powiedzia\u0142: \u201enie jest wol\u0105 waszego Ojca w&nbsp;Niebie, aby zgin\u0105\u0142 jeden z&nbsp;tych ma\u0142ych\u201d, a&nbsp;zbawione dziecko, to uratowane ca\u0142e jego \u017cycie! Dlatego spotkania ewangelizacyjne dla dzieci s\u0105 tak wa\u017cne. Anga\u017cuj\u0105c si\u0119 w&nbsp;pomoc w&nbsp;ich przygotowaniu wype\u0142niasz Bo\u017cy plan i&nbsp;Jego wol\u0119! Potrzebujemy Twojej pomocy w&nbsp;poszczeg\u00f3lnych grupach wiekowych. Wa\u017cne! Pe\u0142noletni wolon\u00adtar\u00adiusze, kt\u00f3rzy zg\u0142aszaj\u0105 si\u0119 do s\u0142u\u017cby w\u015br\u00f3d dzieci [&hellip;]<\/p>\n","protected":false},"author":1,"featured_media":0,"parent":150,"menu_order":2,"comment_status":"closed","ping_status":"closed","template":"wolontariat","meta":{"footnotes":""},"class_list":["post-163","page","type-page","status-publish","hentry"],"_links":{"self":[{"href":"https:\/\/te.cme.org.pl\/2026\/wp-json\/wp\/v2\/pages\/163","targetHints":{"allow":["GET"]}}],"collection":[{"href":"https:\/\/te.cme.org.pl\/2026\/wp-json\/wp\/v2\/pages"}],"about":[{"href":"https:\/\/te.cme.org.pl\/2026\/wp-json\/wp\/v2\/types\/page"}],"author":[{"embeddable":true,"href":"https:\/\/te.cme.org.pl\/2026\/wp-json\/wp\/v2\/users\/1"}],"replies":[{"embeddable":true,"href":"https:\/\/te.cme.org.pl\/2026\/wp-json\/wp\/v2\/comments?post=163"}],"version-history":[{"count":6,"href":"https:\/\/te.cme.org.pl\/2026\/wp-json\/wp\/v2\/pages\/163\/revisions"}],"predecessor-version":[{"id":251,"href":"https:\/\/te.cme.org.pl\/2026\/wp-json\/wp\/v2\/pages\/163\/revisions\/251"}],"up":[{"embeddable":true,"href":"https:\/\/te.cme.org.pl\/2026\/wp-json\/wp\/v2\/pages\/150"}],"wp:attachment":[{"href":"https:\/\/te.cme.org.pl\/2026\/wp-json\/wp\/v2\/media?parent=163"}],"curies":[{"name":"wp","href":"https:\/\/api.w.org\/{rel}","templated":true}]}}