{"id":31,"date":"2025-11-25T13:46:52","date_gmt":"2025-11-25T12:46:52","guid":{"rendered":"https:\/\/te.cme.org.pl\/2026\/?page_id=31"},"modified":"2025-12-19T15:59:10","modified_gmt":"2025-12-19T14:59:10","slug":"o-tygodniu","status":"publish","type":"page","link":"https:\/\/te.cme.org.pl\/2026\/wiecej\/o-tygodniu\/","title":{"rendered":"O Tygodniu"},"content":{"rendered":"\n<div class=\"wp-block-cover alignwide is-light tw-sm-hidden\" style=\"min-height:360px;aspect-ratio:unset;\"><img loading=\"lazy\" decoding=\"async\" width=\"1080\" height=\"360\" sizes=\"auto, (max-width: 799px) 200vw, (max-width: 1080px) 100vw, 1080px\" class=\"wp-block-cover__image-background wp-image-140 size-full\" alt=\"\" src=\"https:\/\/te.cme.org.pl\/2026\/wp-content\/uploads\/sites\/3\/2025\/12\/TE26_O_Tygodniu-poziom.webp\" data-object-fit=\"cover\" srcset=\"https:\/\/te.cme.org.pl\/2026\/wp-content\/uploads\/sites\/3\/2025\/12\/TE26_O_Tygodniu-poziom.webp 1080w, https:\/\/te.cme.org.pl\/2026\/wp-content\/uploads\/sites\/3\/2025\/12\/TE26_O_Tygodniu-poziom-300x100.webp 300w, https:\/\/te.cme.org.pl\/2026\/wp-content\/uploads\/sites\/3\/2025\/12\/TE26_O_Tygodniu-poziom-1024x341.webp 1024w, https:\/\/te.cme.org.pl\/2026\/wp-content\/uploads\/sites\/3\/2025\/12\/TE26_O_Tygodniu-poziom-768x256.webp 768w\" \/><span aria-hidden=\"true\" class=\"wp-block-cover__background has-background-dim-0 has-background-dim\"><\/span><div class=\"wp-block-cover__inner-container has-global-padding is-layout-constrained wp-block-cover-is-layout-constrained\">\n<p class=\"has-text-align-center has-large-font-size\"><\/p>\n<\/div><\/div>\n\n\n\n<figure class=\"wp-block-image size-full tw-lg-hidden tw-md-hidden\"><img loading=\"lazy\" decoding=\"async\" width=\"685\" height=\"456\" src=\"https:\/\/te.cme.org.pl\/2026\/wp-content\/uploads\/sites\/3\/2025\/12\/TE26_O_Tygodniu-tel.webp\" alt=\"\" class=\"wp-image-141\" srcset=\"https:\/\/te.cme.org.pl\/2026\/wp-content\/uploads\/sites\/3\/2025\/12\/TE26_O_Tygodniu-tel.webp 685w, https:\/\/te.cme.org.pl\/2026\/wp-content\/uploads\/sites\/3\/2025\/12\/TE26_O_Tygodniu-tel-300x200.webp 300w\" sizes=\"auto, (max-width: 685px) 100vw, 685px\" \/><\/figure>\n\n\n\n<div class=\"wp-block-group has-global-padding is-layout-constrained wp-block-group-is-layout-constrained\">\n<p>Zapraszamy dzieci, m\u0142odzie\u017c i&nbsp;doros\u0142ych do udzia\u0142u w&nbsp;Tygodniu Ewange\u00adli\u00adza\u00adcyjnym w&nbsp;Dzi\u0119gielowie.<\/p>\n\n\n\n<h3 class=\"wp-block-heading\">Program Tygodnia Ewangelizacyjnego to\u00a0m.in.:<\/h3>\n\n\n\n<ul class=\"wp-block-list\">\n<li>Spotkania ewangelizacyjne dla m\u0142odzie\u017cy i\u00a0doros\u0142ych oraz dla dzieci w\u00a0dw\u00f3ch grupach wiekowych<\/li>\n\n\n\n<li>Wyk\u0142ad biblijny dla m\u0142odzie\u017cy i\u00a0doros\u0142ych<\/li>\n\n\n\n<li>Seminaria (tematyka biblijna, kulturowa, spo\u0142eczna, psychologiczna i\u00a0rodzinna)<\/li>\n\n\n\n<li>Koncerty<\/li>\n\n\n\n<li>Pomoc duszpasterska i\u00a0poradnicza<\/li>\n\n\n\n<li>Czas na odpoczynek, rozmowy, wyciszenie i\u00a0rozw\u00f3j<\/li>\n<\/ul>\n<\/div>\n","protected":false},"excerpt":{"rendered":"<p>Zapraszamy dzieci, m\u0142odzie\u017c i&nbsp;doros\u0142ych do udzia\u0142u w&nbsp;Tygodniu Ewange\u00adli\u00adza\u00adcyjnym w&nbsp;Dzi\u0119gielowie. Program Tygodnia Ewangelizacyjnego to\u00a0m.in.:<\/p>\n","protected":false},"author":1,"featured_media":0,"parent":28,"menu_order":1,"comment_status":"closed","ping_status":"closed","template":"","meta":{"footnotes":""},"class_list":["post-31","page","type-page","status-publish","hentry"],"_links":{"self":[{"href":"https:\/\/te.cme.org.pl\/2026\/wp-json\/wp\/v2\/pages\/31","targetHints":{"allow":["GET"]}}],"collection":[{"href":"https:\/\/te.cme.org.pl\/2026\/wp-json\/wp\/v2\/pages"}],"about":[{"href":"https:\/\/te.cme.org.pl\/2026\/wp-json\/wp\/v2\/types\/page"}],"author":[{"embeddable":true,"href":"https:\/\/te.cme.org.pl\/2026\/wp-json\/wp\/v2\/users\/1"}],"replies":[{"embeddable":true,"href":"https:\/\/te.cme.org.pl\/2026\/wp-json\/wp\/v2\/comments?post=31"}],"version-history":[{"count":9,"href":"https:\/\/te.cme.org.pl\/2026\/wp-json\/wp\/v2\/pages\/31\/revisions"}],"predecessor-version":[{"id":146,"href":"https:\/\/te.cme.org.pl\/2026\/wp-json\/wp\/v2\/pages\/31\/revisions\/146"}],"up":[{"embeddable":true,"href":"https:\/\/te.cme.org.pl\/2026\/wp-json\/wp\/v2\/pages\/28"}],"wp:attachment":[{"href":"https:\/\/te.cme.org.pl\/2026\/wp-json\/wp\/v2\/media?parent=31"}],"curies":[{"name":"wp","href":"https:\/\/api.w.org\/{rel}","templated":true}]}}

<div class="wp-block-cover alignwide is-light tw-sm-hidden" style="min-height:360px;aspect-ratio:unset;"><img loading="lazy" decoding="async" width="1080" height="360" sizes="auto, (max-width: 799px) 200vw, (max-width: 1080px) 100vw, 1080px" class="wp-block-cover__image-background wp-image-140 size-full" alt="" src="https://te.cme.org.pl/2026/wp-content/uploads/sites/3/2025/12/TE26_O_Tygodniu-poziom.webp" data-object-fit="cover" srcset="https://te.cme.org.pl/2026/wp-content/uploads/sites/3/2025/12/TE26_O_Tygodniu-poziom.webp 1080w, https://te.cme.org.pl/2026/wp-content/uploads/sites/3/2025/12/TE26_O_Tygodniu-poziom-300x100.webp 300w, https://te.cme.org.pl/2026/wp-content/uploads/sites/3/2025/12/TE26_O_Tygodniu-poziom-1024x341.webp 1024w, https://te.cme.org.pl/2026/wp-content/uploads/sites/3/2025/12/TE26_O_Tygodniu-poziom-768x256.webp 768w" /><span aria-hidden="true" class="wp-block-cover__background has-background-dim-0 has-background-dim"></span><div class="wp-block-cover__inner-container has-global-padding is-layout-constrained wp-block-cover-is-layout-constrained">
<p class="has-text-align-center has-large-font-size"></p>
</div></div>



<figure class="wp-block-image size-full tw-lg-hidden tw-md-hidden"><img loading="lazy" decoding="async" width="685" height="456" src="https://te.cme.org.pl/2026/wp-content/uploads/sites/3/2025/12/TE26_O_Tygodniu-tel.webp" alt="" class="wp-image-141" srcset="https://te.cme.org.pl/2026/wp-content/uploads/sites/3/2025/12/TE26_O_Tygodniu-tel.webp 685w, https://te.cme.org.pl/2026/wp-content/uploads/sites/3/2025/12/TE26_O_Tygodniu-tel-300x200.webp 300w" sizes="auto, (max-width: 685px) 100vw, 685px" /></figure>



<div class="wp-block-group has-global-padding is-layout-constrained wp-block-group-is-layout-constrained">
<p>Zapraszamy dzieci, młodzież i&nbsp;dorosłych do udziału w&nbsp;Tygodniu Ewange­li­za­cyjnym w&nbsp;Dzięgielowie.</p>



<h3 class="wp-block-heading">Program Tygodnia Ewangelizacyjnego to m.in.:</h3>



<ul class="wp-block-list">
<li>Spotkania ewangelizacyjne dla młodzieży i dorosłych oraz dla dzieci w dwóch grupach wiekowych</li>



<li>Wykład biblijny dla młodzieży i dorosłych</li>



<li>Seminaria (tematyka biblijna, kulturowa, społeczna, psychologiczna i rodzinna)</li>



<li>Koncerty</li>



<li>Pomoc duszpasterska i poradnicza</li>



<li>Czas na odpoczynek, rozmowy, wyciszenie i rozwój</li>
</ul>
</div>

<p>Zapraszamy dzieci, młodzież i&nbsp;dorosłych do udziału w&nbsp;Tygodniu Ewange­li­za­cyjnym w&nbsp;Dzięgielowie. Program Tygodnia Ewangelizacyjnego to m.in.:</p>
