{"id":58,"date":"2025-11-26T07:54:01","date_gmt":"2025-11-26T06:54:01","guid":{"rendered":"https:\/\/te.cme.org.pl\/2026\/?page_id=58"},"modified":"2025-11-26T07:54:56","modified_gmt":"2025-11-26T06:54:56","slug":"rodo","status":"publish","type":"page","link":"https:\/\/te.cme.org.pl\/2026\/wiecej\/rodo\/","title":{"rendered":"Dane osobowe (RODO)"},"content":{"rendered":"\n<p>W zwi\u0105zku z ochron\u0105 danych osobowych informujemy, \u017ce w trakcie Tygodnia Ewangelizacyjnego w Dzi\u0119gielowie 5-12.07.2026 r. wykonywane s\u0105 zdj\u0119cia uczestnik\u00f3w wszystkich spotka\u0144: zaj\u0119\u0107 dla dzieci i m\u0142odzie\u017cy, nabo\u017ce\u0144stwa, wyk\u0142adu, seminari\u00f3w, spotka\u0144 ewangelizacyjnych, koncert\u00f3w.<\/p>\n\n\n\n<p>Informujemy te\u017c, \u017ce spotkania ewangelizacyjne o godz. 17.00 oraz nabo\u017ce\u0144stwa niedzielne o godz. 10.00 z namiotu g\u0142\u00f3wnego s\u0105 transmitowane za po\u015brednictwem serwisu YouTube, FB i stron internetowych CME. Uczestniczenie w programie TE oznacza wyra\u017cenie zgody na upublicznienie swojego wizerunku.<\/p>\n","protected":false},"excerpt":{"rendered":"<p>W zwi\u0105zku z ochron\u0105 danych osobowych informujemy, \u017ce w trakcie Tygodnia Ewangelizacyjnego w Dzi\u0119gielowie 5-12.07.2026 r. wykonywane s\u0105 zdj\u0119cia uczestnik\u00f3w wszystkich spotka\u0144: zaj\u0119\u0107 dla dzieci i m\u0142odzie\u017cy, nabo\u017ce\u0144stwa, wyk\u0142adu, seminari\u00f3w, spotka\u0144 ewangelizacyjnych, koncert\u00f3w. Informujemy te\u017c, \u017ce spotkania ewangelizacyjne o godz. 17.00 oraz nabo\u017ce\u0144stwa niedzielne o godz. 10.00 z namiotu g\u0142\u00f3wnego s\u0105 transmitowane za po\u015brednictwem serwisu [&hellip;]<\/p>\n","protected":false},"author":1,"featured_media":0,"parent":28,"menu_order":6,"comment_status":"closed","ping_status":"closed","template":"","meta":{"footnotes":""},"class_list":["post-58","page","type-page","status-publish","hentry"],"_links":{"self":[{"href":"https:\/\/te.cme.org.pl\/2026\/wp-json\/wp\/v2\/pages\/58","targetHints":{"allow":["GET"]}}],"collection":[{"href":"https:\/\/te.cme.org.pl\/2026\/wp-json\/wp\/v2\/pages"}],"about":[{"href":"https:\/\/te.cme.org.pl\/2026\/wp-json\/wp\/v2\/types\/page"}],"author":[{"embeddable":true,"href":"https:\/\/te.cme.org.pl\/2026\/wp-json\/wp\/v2\/users\/1"}],"replies":[{"embeddable":true,"href":"https:\/\/te.cme.org.pl\/2026\/wp-json\/wp\/v2\/comments?post=58"}],"version-history":[{"count":1,"href":"https:\/\/te.cme.org.pl\/2026\/wp-json\/wp\/v2\/pages\/58\/revisions"}],"predecessor-version":[{"id":59,"href":"https:\/\/te.cme.org.pl\/2026\/wp-json\/wp\/v2\/pages\/58\/revisions\/59"}],"up":[{"embeddable":true,"href":"https:\/\/te.cme.org.pl\/2026\/wp-json\/wp\/v2\/pages\/28"}],"wp:attachment":[{"href":"https:\/\/te.cme.org.pl\/2026\/wp-json\/wp\/v2\/media?parent=58"}],"curies":[{"name":"wp","href":"https:\/\/api.w.org\/{rel}","templated":true}]}}

<p>W związku z ochroną danych osobowych informujemy, że w trakcie Tygodnia Ewangelizacyjnego w Dzięgielowie 5-12.07.2026 r. wykonywane są zdjęcia uczestników wszystkich spotkań: zajęć dla dzieci i młodzieży, nabożeństwa, wykładu, seminariów, spotkań ewangelizacyjnych, koncertów.</p>



<p>Informujemy też, że spotkania ewangelizacyjne o godz. 17.00 oraz nabożeństwa niedzielne o godz. 10.00 z namiotu głównego są transmitowane za pośrednictwem serwisu YouTube, FB i stron internetowych CME. Uczestniczenie w programie TE oznacza wyrażenie zgody na upublicznienie swojego wizerunku.</p>

<p>W związku z ochroną danych osobowych informujemy, że w trakcie Tygodnia Ewangelizacyjnego w Dzięgielowie 5-12.07.2026 r. wykonywane są zdjęcia uczestników wszystkich spotkań: zajęć dla dzieci i młodzieży, nabożeństwa, wykładu, seminariów, spotkań ewangelizacyjnych, koncertów. Informujemy też, że spotkania ewangelizacyjne o godz. 17.00 oraz nabożeństwa niedzielne o godz. 10.00 z namiotu głównego są transmitowane za pośrednictwem serwisu [&hellip;]</p>
